 = -3*k - 15. Calculate p(k).
-1
Suppose j = u + 4*u + 20, -12 = 3*u. Let l(d) = -d + 4. Determine l(j).
4
Let p be ((-6)/5)/(1/5). Let z(r) be the second derivative of -r**5/120 - r**4/4 - 5*r**3/3 - r. Let w(d) be the second derivative of z(d). Determine w(p).
0
Let f(p) = -p**2 + 4. Suppose -3*l - 5*a = 9, 4*l + 9 = a - 3. What is f(l)?
-5
Let d(l) = 4*l - 3. Let a = 19 + -7. Suppose -6*k + 4*k = -a. Let p = k + -3. What is d(p)?
9
Let b(s) = 15*s**2 + 8*s + 21. Let q(j) = -7*j**2 - 4*j - 10. Let g(n) = 6*b(n) + 13*q(n). Calculate g(-4).
-4
Let n be 3*(0 + 4/(-6)). Let t = 2 + n. Let m(z) = -3*z + t*z + 7 + 2*z. What is m(4)?
3
Let i be 1/(0 - -2 - 1). Let n(d) be the third derivative of -d**5/20 - d**4/24 - d**3/3 - d**2. Let j(l) be the first derivative of n(l). What is j(i)?
-7
Let a(g) = -3*g + g + 0 - 7 + 8 + 14*g**2. Give a(1).
13
Let d(w) = -w**2 + 8*w - 7. Suppose l = -l. Suppose -2 = -2*v - l. Let t = v + 5. Determine d(t).
5
Suppose 8*a - 6*a - 8 = 0. Let z(g) = 4*g + 1. What is z(a)?
17
Let a(j) = 0*j**3 + j - 5*j**3 + 2*j**3. What is a(-1)?
2
Let g(t) = -t**2 + 7*t - 8. Suppose 4*u = 13 + 15. Determine g(u).
-8
Let g(o) be the second derivative of o**4/24 + 7*o**3/6 + o**2 + o. Let n(t) be the first derivative of g(t). Give n(-5).
2
Let p(t) = -t - 6. Let m(z) = -2*z - 6. Let w be m(-3). Determine p(w).
-6
Let o(p) = -p**3 + 3*p**2 + 4*p - 3. Let h(f) = f. Let n be h(5). Suppose -2 = 2*r, 28 = n*g - 4*r + 4. What is o(g)?
-3
Let l(m) = -m**3 + 5*m**2 + m - 3. Suppose -4*t + 13 = v, 2*v + t - 14 = -t. Let i be l(v). Let r(h) = 3*h - 3. Give r(i).
3
Let o = -7 - -2. Let a(b) = b**2 + 6*b + 1. Give a(o).
-4
Let y(b) = -7*b**2 + 18*b + 9. Let k(u) = 9*u**2 - 19*u - 9. Let i(a) = 4*k(a) + 5*y(a). What is i(-13)?
-4
Let l(n) = 5*n**3 - n**2 + 7*n + 12. Let a(p) = -p**3 + p**2 - p - 1. Let y(d) = -6*a(d) - l(d). Let z = 35 + -30. Determine y(z).
-11
Let v(m) = 2*m**3 + 3*m**2 - 3*m - 6. Let c be v(-2). Let l(n) = n + 1. Give l(c).
-3
Let c = 1 + -4. Let b(o) = -4*o + 3. Calculate b(c).
15
Suppose 2*q + 44 - 42 = 0. Let n(s) = s**2 - 7*s + 0*s + 0 + 4. Let k(c) = c - 1. Let y(m) = q*n(m) - 6*k(m). Determine y(0).
2
Suppose 3*w = 2*z - 1, 5*z - 3*w = z - 1. Let h(b) = -b**2 + 1. What is h(z)?
0
Let r(b) be the second derivative of b**7/840 + b**6/72 - b**5/15 - 7*b**4/24 + b**3/3 - 4*b. Let p(v) be the second derivative of r(v). Determine p(-6).
5
Let i(a) be the first derivative of -a**7/840 - a**6/60 + a**5/20 - a**4/4 - 4*a**3/3 - 4. Let f(s) be the third derivative of i(s). Calculate f(-7).
1
Let p(y) = -y**3 - y**2 - y - 2. Suppose 4*i - 5 = 3*i. Suppose -4*o = i*w + 17, -2*w = -0*o - 4*o + 18. Suppose b = o*b. Determine p(b).
-2
Suppose 32*c - 34*c = -6. Let u(x) = -2*x**2 + 2*x + 4. Calculate u(c).
-8
Suppose -5*m + 36 = -4. Let n(a) = 0*a - m*a + 5*a + a + 8. Calculate n(6).
-4
Let v(i) = i**2 + 4*i + 3. Suppose -3*f + 5*p + 2 = -24, 2*f - 3*p - 16 = 0. Let r be -3 - ((-6)/(-2) - f). Calculate v(r).
3
Let b = 40 - 36. Let i(w) be the second derivative of -w**2 + 1/6*w**3 + 2*w - 1/6*w**b + 0. What is i(2)?
-8
Let w(c) = 3*c - 3. Let l(q) = q + 1 + q - q - 2*q. Let s(k) = -5*l(k) - 2*w(k). Give s(-3).
4
Let q(j) = -341*j**2. Let z(y) = -9*y**2. Let w(n) = -2*q(n) + 77*z(n). Calculate w(-1).
-11
Let l(n) = 7*n - 12. Let h(q) = -q + 1. Let s(p) = 6*h(p) + l(p). Give s(8).
2
Let h = 16 + -22. Let n(a) = -a + 1. Determine n(h).
7
Let j(d) = -17 + 4*d + 7 + d**2 + 2. What is j(-6)?
4
Let o(u) = -6*u**3 + 16*u**2 + 11*u - 21. Let t(q) = q**3 - 3*q**2 - 2*q + 4. Let s be (-2)/6*(-1 - -34). Let n(k) = s*t(k) - 2*o(k). What is n(-2)?
-6
Let v(k) = -2 + 7*k**2 + 6 - 4 - k**3 + 2. Calculate v(7).
2
Let k(j) = -j**3 + j. Let c = -1 + -1. Let l(z) = 3*z**3 + z**2 + z + 1. Let q(r) = r**3 + r. Let d(s) = -l(s) + 2*q(s). Let a be d(c). What is k(a)?
0
Let o = -54 + 55. Let l(y) = -9*y. Determine l(o).
-9
Let y(f) = 2*f**3 + 2*f**2 + f + 1. Suppose -2*s = s - 15. Let b = s + -7. What is y(b)?
-9
Let n(x) = x + 0*x + 2 + x + x. Determine n(-4).
-10
Let h(d) = -9*d - d**2 + 0*d**2 - 14 + 6. Determine h(-7).
6
Let p(n) be the first derivative of -n**4/4 + 5*n**3/3 - n**2/2 - 2*n + 3. Suppose 3*m - 4 = -q, 3*q = m - 4 - 14. Determine p(m).
13
Let i be 22/6 + (-10)/15. Let f(n) be the first derivative of n**5/60 - n**3/3 - n**2/2 + 2. Let h(s) be the second derivative of f(s). Calculate h(i).
7
Let y(o) be the first derivative of -o**4/4 - o**3 + 3*o**2/2 + o + 1. Let c(f) = -3*f - 25. Let t be c(-7). Determine y(t).
5
Let g(y) be the third derivative of 7*y**5/60 - y**3/2 - 3*y**2. Let q(t) = -t**2 - 1. Let p(n) = -g(n) + 4*q(n). Determine p(-1).
-12
Let u(k) = -4*k - 16. Let s(x) = -5*x - 15. Let w(f) = -3*s(f) + 4*u(f). Determine w(-13).
-6
Let a(w) = w - 1. Let x(u) = -2*u**2 - 4*u + 4. Let d(k) = 3*a(k) + x(k). Let p(v) = -v**2 + 2. Let r be p(2). Give d(r).
-5
Let a(c) = c**2 + 4*c - 1. Let z = -4 - -8. Let u be (z + -1 - -4) + -1. Let k be (-39)/9 + (-4)/u. Calculate a(k).
4
Let u = 3 - 0. Suppose -4*k - 5*z + 22 = -u*k, 3*z = 3*k + 24. Let i = k - -5. Let h(q) = q**2 - 2. What is h(i)?
2
Let f(z) = 2 - z - z + 0 - 1. Determine f(-6).
13
Let w(q) = -q**2 + 9*q + 2. Let u be w(9). Let i(g) = -3*g + 5 - 4 - 3 - g**u. Give i(-2).
0
Let m be 9 - 0/(-2 - -3). Let r(g) = -g + 6. Let d be r(m). Let t(q) = -q + 2. Calculate t(d).
5
Let k(s) = s**3 - 2*s**2 - s - 2. Let g(i) = i**2 + 9*i + 2. Let j be g(-9). Calculate k(j).
-4
Let h(t) be the second derivative of -t**3/6 + 5*t**2/2 - 6*t. Suppose -s + 20 = 3*s. Calculate h(s).
0
Let w(c) = c - 2. Let v(j) = -j**2 - j - 1. Let f(g) = v(g) + w(g). Let y be f(0). Let q(p) = -p**2 - p + 2. Give q(y).
-4
Let s(a) = a - 1. Let u(m) = -m + 11. Let v be u(10). Let g(d) = -2*d + 3. Let h(i) = v*g(i) + 6*s(i). Give h(3).
9
Let p be -3 + (-3)/9*-6. Let h(o) = 3*o**3 - 2*o - 1. What is h(p)?
-2
Suppose 3*i = 2*i. Let k(a) = -a - 11. Determine k(i).
-11
Let n(m) = 2*m + 2. Let y = 98 - 96. Determine n(y).
6
Let c(r) = r + 1. Let x(l) be the first derivative of l**3/3 - 2*l**2 - 3*l - 3. Let p be x(4). Give c(p).
-2
Let w(r) = 0*r**2 - 4*r**2 - r + 2*r + r**3 + 2. Suppose -15 = -5*x + 2*x. Let i = -1 + x. Give w(i).
6
Let d be 16/(-20)*10/(-4). Let h(b) = -1 - 6*b**2 + d*b**2 + b + 2 - b**2. What is h(2)?
-17
Let z(v) = v**3 - 7*v**2 + 6*v - 4. Let j be 0 - 0 - (2 + 1 + -8). Calculate z(j).
-24
Let t(s) = -2*s + 2. Let v = -4 - -6. Let x be ((-5)/4)/(v/(-8)). Suppose -x*q + 15 = -0*q. What is t(q)?
-4
Let n(o) = -o**2 + 6*o - 5. Let b be n(6). Let i(p) = p**2 + 7*p + 4. Give i(b).
-6
Let o(l) be the third derivative of l**4/24 - 4*l**3/3 + 5*l**2. Let i(a) = a + 12. Let c = -19 + 12. Let z be i(c). Give o(z).
-3
Suppose 2*m + 90 = 7*m. Let z = 5 + m. Suppose z = -3*v - 7*n + 3*n, -2*v = -3*n + 4. Let i(t) = 3*t + 6. Give i(v).
-9
Let q(l) = l**2 - l. Let i(f) = 4*f**2 - 9*f - 7. Let z(m) = i(m) - 3*q(m). Calculate z(7).
0
Let v(s) be the third derivative of -s**6/120 + s**5/60 + s**3/6 - 14*s**2. What is v(0)?
1
Let j(l) be the third derivative of l**5/20 + l**4/12 - l**3/2 + 9*l**2. Give j(2).
13
Let i = -2 + -3. Let h(k) be the third derivative of k**4/12 + k**3 + 2*k**2. What is h(i)?
-4
Let y(q) = q**2 + 4*q - 5. Let k be y(-4). Let l be (-20)/130 - 108/(-26). Let v(f) = 1 + 0*f + l*f - 5*f. What is v(k)?
6
Let v(m) = m**2 + 5*m. Let k be v(-5). Let o(q) = -5*q + 0 + k + 0 - q**3 + 6*q**2. Give o(5).
0
Let n(i) be the third derivative of i**6/120 - i**5/15 + i**3/3 - 13*i**2. Determine n(3).
-7
Let a(y) be the first derivative of 0*y + 1/24*y**4 - 1/6*y**3 - y**2 - 1. Let t(l) be the second derivative of a(l). What is t(-5)?
-6
Let g(n) be the first derivative of -n**4/4 - 2*n**3 - n**2/2 - 7*n - 2. Suppose -l + 5*l = -36. Let r = 3 + l. Determine g(r).
-1
Let r be (-1)/((-1)/(-35))*-3. Let q be (4/6)/(14/r). Let f(o) = -o + 2. Give f(q).
-3
Let v(f) = -f**2 - 6*f - 1. Suppose 9*w = 7*w - 6. Calculate v(w).
8
Let u(c) = c - 2. Let x be u(5). Let t(h) = -2*h**2 - 15*h + 1. Let n(j) = -j**2 - 10*j + 1. Let r(w) = 8*n(w) - 5*t(w). Determine r(x).
6
Let c = -1 + 3. Let s(n) = -3*n. Let o be s(-1). Let j(k) = o + 5*k**c - 4 - 6*k**2 - k. Determine j(-1).
-1
Suppose t + 13 = -2*c - 0*c, 0 = -c + t + 1. Let w(s) = 